{"id":2252,"date":"2020-10-12T19:46:31","date_gmt":"2020-10-12T17:46:31","guid":{"rendered":"http:\/\/powergps.pl\/obsluga\/?page_id=2252"},"modified":"2020-10-12T19:55:09","modified_gmt":"2020-10-12T17:55:09","slug":"diagnostyka-komunikacji-z-gps","status":"publish","type":"page","link":"http:\/\/powergps.pl\/obsluga\/diagnostyka-komunikacji-z-gps\/","title":{"rendered":"Diagnostyka komunikacji z GPS"},"content":{"rendered":"<p>Je\u015bli obserwujesz problem z po\u0142\u0105czeniem z GPS, inicjalizacj\u0105, odbiornik nie wchodzi w tryb RTK FIXED &#8211; ta strona mo\u017ce pom\u00f3c Ci rozwi\u0105za\u0107 problem lub przygotowa\u0107 zestaw do dalszej diagnostyki.<\/p>\n<p>Ka\u017cdy zestaw, na kt\u00f3rym uruchamiany jest PowerGPS mo\u017cna scharakteryzowa\u0107 zmiennymi:<\/p>\n<ol>\n<li>modelem kontrolera (tabletu\/smartfona)\n<li>wersja systemu Android na kontrolerze\n<li>wersja firmware kontrolera\n<li>wydaniem PowerGPS (wersja programu)\n<li>modelem odbiornika GNSS\n<li>wersj\u0105 firmware odbiornika GNSS<\/li>\n<\/ol>\n<\/ol>\n<p>Ka\u017cde dostosowanie do sprz\u0119tu, jakie by\u0142o realizowane, obejmowa\u0142o wykonanie go w okre\u015blonym zestawie tych parametr\u00f3w. <\/p>\n<p>Z tego wzgl\u0119du, je\u015bli dostosowanie by\u0142o realizowane np. par\u0119 lat temu, a od tego czasu zmieni\u0142 si\u0119 firmware odbiornika &#8211; dostosowanie mo\u017ce nie wsp\u00f3\u0142pracowa\u0107 poprawnie z programem. Fakt, \u017ce ten sam odbiornik i telefon mo\u017ce pracowa\u0107 na innym (np. m\u0142odszym oprogramowaniu innego producenta) mo\u017ce w du\u017cym stopniu wskazywa\u0107 na taki w\u0142a\u015bnie scenariusz.<\/p>\n<p>W takim przypadku prawdopodobnie koniecznie jest wykonanie dostosowania, aby m\u00f3c pracowa\u0107 z PowerGPS na tym sprz\u0119cie.<\/p>\n<p>Dlaczego nie testujemy sprz\u0119t\u00f3w po ka\u017cdej zmianie firmware? C\u00f3\u017c&#8230;w takim przypadku cena PowerGPS musia\u0142aby by\u0107 du\u017co wy\u017csza, z uwagi na konieczno\u015b\u0107 wykonania wszystkich wymaganych test\u00f3w w r\u00f3\u017cnych konfiguracjach parametr\u00f3w. We wcze\u015bniejszych latach podejmowali\u015bmy takie akcje bezp\u0142atnie (st\u0105d te\u017c wi\u0119kszy skok obs\u0142ugiwanych sprz\u0119t\u00f3w), jednak\u017ce zosta\u0142y one wstrzymane z uwagi na nisk\u0105 op\u0142acalno\u015b\u0107 &#8211; ka\u017cde dostosowanie wymaga r\u00f3wnie\u017c wsparcia i konserwacji w przysz\u0142o\u015bci, co jest trudne do zrealizowania bez odpowiedniego bud\u017cetu przeznaczonego na ten cel. <\/p>\n<p>Jednym z element\u00f3w wsparcia i konserwacji jest element diagnostyczny, kt\u00f3ry w pewnych przypadkach mo\u017ce pozwoli\u0107 na szybsze wyeliminowanie problemu (je\u015bli jest on mniejszy) i sprawdzenie usprawnionej funkcjonalno\u015bci po stronie u\u017cytkownika. Mechanizm ten pom\u00f3g\u0142 niejeden raz w rozwi\u0105zaniu problemu, zatem zaraz dowiesz si\u0119, jak z niego skorzysta\u0107.<\/p>\n<p>Na pocz\u0105tek przedstawimy, jak sobie poradzi\u0107 z pewnymi problemami, kt\u00f3re wynikaj\u0105 z nieprawid\u0142owych ustawie\u0144 w programie:<\/p>\n<h2>Sprawdzenie ustawie\u0144<\/h2>\n<p>Poni\u017cej przedstawiono par\u0119 scenariuszy i sposob\u00f3w ich rozwi\u0105zania, w oparciu o zmian\u0119, kt\u00f3rej mo\u017cna dokona\u0107 samodzielnie:<\/p>\n<h3>Odbiornik nie wchodzi w tryb RTK FIXED (ani te\u017c DPGS i FLOAT)<\/h3>\n<p>To problem, kt\u00f3ry uniemo\u017cliwia precyzyjny centymetrowy pomiar.<br \/>\nOdbiornik GNSS wymaga \u015bwie\u017cego dost\u0119pu do poprawek (jak olej w silniku samochodowym). Je\u015bli dost\u0119pu nie ma, lub zosta\u0142 on uci\u0119ty &#8211; odbiornik straci szans\u0119 na stabilny tryb FIXED.<\/p>\n<p>W szczeg\u00f3lnym przypadku (brak dost\u0119pu poprawek od pocz\u0105tku) nie wejdzie w tryby oparte o poprawki, czyli DGPS, FLOAT i FIXED. Czyli b\u0119dzie dzia\u0142a\u0142 w oparciu o metod\u0119 autonomiczn\u0105 (GPS\/SPS).<\/p>\n<p>W takim przypadku wchodzimy w <b>Menu->Sprz\u0119t->Odbiornik GPS<\/b> i klikamy przycisk <b>Konfiguracja<\/b>.<\/p>\n<p>To co nas interesuje &#8211; sekcja <b>RTK<\/b>.<\/p>\n<p>Zazwyczaj w okienku <B>Metoda obs\u0142ugi poprawek<\/b> powinno by\u0107 ustawione <b>Pobieraj poprawki i przesy\u0142aj do GPS<\/b> (to metoda poprawek zewn\u0119trznych &#8211; czyli kontroler odbiera poprawki i przesy\u0142a je do odbiornika). Je\u015bli Twoim zadaniem nie jest ustawienie odbiornika w tryb poprawek odbieranych przez anten\u0119 (karta SIM w odbiorniku), a ustawienie w tej kontrolce jest inne od wy\u017cej wymienionego &#8211; dokonaj odpowiedniej zmiany.<\/p>\n<p>Nast\u0119pnie mo\u017cna przej\u015b\u0107 do sekcji <b>Us\u0142uga dostarczania poprawek<\/b>.<br \/>\nJe\u015bli nie b\u0119dzie tam widnia\u0142a \u017cadna informacja o dostawcy poprawek, porcie, lub b\u0119dzie napis &#8222;brak wybranego strumienia&#8221; &#8211; oznacza to, i\u017c dane dost\u0119powe do serwera dostawcy poprawek nie s\u0105 ustawione poprawnie. Przejd\u017a do konfiguracji, ustaw poprawnie wymagane parametry, pobierz list\u0119 strumieni,  zaakceptuj zmiany. Je\u015bli nie wiesz jak to zrobi\u0107 &#8211; odsy\u0142amy do <a href=\"http:\/\/powergps.pl\/instrukcja\">instrukcji<\/a>.<\/p>\n<p>Idziemy dalej.<br \/>\nOpcje typu &#8222;Po\u0142\u0105cz z serwerem poprawek po w\u0142\u0105czeniu odbiornika&#8221; i &#8222;Uruchom przekazywanie je\u015bli po\u0142\u0105czony z serwerem&#8221; powinny by\u0107 zaznaczone.<\/p>\n<p>Nast\u0119pn\u0105 wa\u017cn\u0105 opcj\u0105 jest &#8222;Port przesy\u0142ania poprawek&#8221;. W wi\u0119kszo\u015bci sprz\u0119t\u00f3w powinien by\u0107 on ustawiony na <b>Ten sam port co GPS<\/b>. Je\u015bli masz tutaj ustawiony port Bluetooth odbiornika &#8211; zmie\u0144 to, szczeg\u00f3lnie, je\u015bli obserwujesz problemy z po\u0142\u0105czeniem.<\/p>\n<p>Po akceptacji zmian upewnij si\u0119, \u017ce kafelek &#8222;Inicjalizacja&#8221; jest aktywny (zielone &#8222;zaptaszenie&#8221;).<\/p>\n<p>Na tym etapie mo\u017cesz uruchomi\u0107 po\u0142\u0105czenie z odbiornikiem i sprawdzi\u0107, czy to ustawienia by\u0142y problemem.<\/p>\n<h3>Obserwacja czy wszystko jest OK<\/h3>\n<p>Prawid\u0142owe po\u0142\u0105czenie z regu\u0142y daje nast\u0119puj\u0105ce rezultaty:<\/p>\n<ul>\n<li>inicjalizacja, kt\u00f3ra zako\u0144czy\u0142a si\u0119 poprawnie (zrealizowano wszystkie kroki inicjalizacji i nie wyst\u0105pi\u0142y b\u0142\u0119dy z tym zwi\u0105zane)\n<li>na mapie pojawia si\u0119 symbol pozycji odbiornika (czerwony)\n<li>na mapie w g\u00f3rnej cz\u0119\u015bci pojawia si\u0119 czas, kt\u00f3ry jest prezentowany w spos\u00f3b stabilny (w sensie wy\u015bwietlane cyfry nie skacz\u0105 lub czas nie zatrzymuje si\u0119, np. 12:34:56 -> 12:34:57 -> 12:34:58, a nie 12:34:56 -> 12:35:02).\n<li>informacja o op\u00f3\u017anieniu poprawek (OP) prezentowana u g\u00f3ry po prawej (w sekundach, czyli znaczek cudzys\u0142owu) prezentuje warto\u015bci max. 1-2&#8243;.\n<li>parametry dok\u0142adno\u015bci HSIG, VSIG i DOP s\u0105 prezentowane odpowiednio do trybu (w trybie FIXED powinny by\u0107 mniejsze ni\u017c w trybie DGPS czy FLOAT)\n<li>rozwi\u0105zanie GPS jest pokazywane (GPS\/SPS, DGPS, FLOAT, FIXED) a nie np. BRAK.\n<li>odleg\u0142o\u015b\u0107 do stacji bazowej B\/D jest prezentowana\n<\/ul>\n<p>W nowszych wersjach (od 2.18) przy pozycji GPS mo\u017ce pojawi\u0107 si\u0119 wykrzyknik. B\u0119dzie on oznacza\u0142, i\u017c nie wszystkie parametry s\u0105 jeszcze w normie. Norm\u0119 okre\u015blaj\u0105 ustawienia filtra GPS.<br \/>\nW wersjach wcze\u015bniejszych PowerGPS niezgodno\u015bci parametr\u00f3w z restrykcjami filtra s\u0105 prezentowane ikonkami (czerwony x, zielone zaptaszenie) przy okre\u015blonym parametrze. Wykrzyknik w nowej wersji zatem u\u0142atwia sprawdzenie na szybko tego faktu.<\/p>\n<p>Domy\u015blne warto\u015bci s\u0105 przeznaczone do pomiaru, ale je\u015bli testujemy odbiornik w gorszych warunkach (np. przy budynku), mo\u017cna testowo odznaczy\u0107 pewne pola, aby m\u00f3c zrobi\u0107 przyk\u0142adowy pomiar nie czekaj\u0105c na ich popraw\u0119.<br \/>\nDo informacji odno\u015bnie ustawienia filtra odsy\u0142amy do:<br \/>\n<a href=\"https:\/\/www.youtube.com\/watch?v=Jl4szwAiX_k\" target=\"newwwindow\" rel=\"noopener noreferrer\">Filmu z sekcji samouczk\u00f3w<\/a> oraz  <a href=\"http:\/\/powergps.pl\/instrukcja\">instrukcji<\/a>.<\/p>\n<p>A co, je\u015bli odbiornik raz wchodzi w FIX a raz we FLOAT?<\/p>\n<h3>Odbiornik skacze pomi\u0119dzy FIX i FLOAT<\/h3>\n<p>Do tego celu obserwujemy sekcj\u0119 op\u00f3\u017anie\u0144 poprawek &#8211; je\u015bli op\u00f3\u017anienia s\u0105 na sta\u0142ym poziomie (np. 1&#8243;), problem wynika prawdopodobnie z nieprawid\u0142owego ustawienia strumienia (np. niekompatybilno\u015bci z odbiornikiem). W tym przypadku zalecamy roz\u0142\u0105czenie z GPS, ustawienie poprawek np. na ASG &#8211; RTN_VRS_3_1, a nast\u0119pnie uruchomienie po\u0142\u0105czenia. Wbrew pozorom, zakresy wielokonstelacyjne 4G* (np. GPS+GLONASS+BEIDOU+GALILEO) mog\u0105 nie by\u0107 kompatybilne z niekt\u00f3rymi odbiornikami lub uniemo\u017cliwia\u0107 utrzymanie stabilnego rozwi\u0105zania. Dok\u0142adno\u015b\u0107 centymetrow\u0105 z regu\u0142y mo\u017cna spokojnie uzyska\u0107 na klasycznym zestawie GPS+GLONASS.<br \/>\n*w odniesieniu do nazwy strumienia, a nie oznaczenia pakietowego przesy\u0142ania danych w smartfonach<\/p>\n<p>Je\u015bli &#8222;skakanie&#8221; nie ust\u0119puje, nale\u017cy sprawdzi\u0107 odbiornik na odkrytym terenie, gdzie szansa uzyskanie lepszej pozycji jest wy\u017csza. Je\u015bli i w tym przypadku jest problem, nale\u017cy spr\u00f3bowa\u0107 w innym dniu\/godzinie (chodzi o zmian\u0119 charakterystyki satelit\u00f3w &#8211; by\u0107 mo\u017ce warunki w pierwotnej chwili nie by\u0142y za dobre).<\/p>\n<p>Je\u015bli pomimo w\/w problem istnieje &#8211; jest on zwi\u0105zany z odbiornikiem.<\/p>\n<h3>Odbiornik nie inicjalizuje si\u0119 poprawnie<\/h3>\n<p>Ten problem mo\u017ce wyst\u0105pi\u0107 na etapie pocz\u0105tkowym &#8211; brak wykonania inicjalizacji jest wa\u017cnym sygna\u0142em, \u017ce jest co\u015b nie tak. Do tego jednak wymagana jest dodatkowa diagnostyka.<\/p>\n<h2>Pozyskanie danych diagnostycznych<\/h2>\n<p>Polega na ustawienie trybu log\u00f3w serwisowych, nagraniu testowego projektu, spakowaniu wybranych katalog\u00f3w i podes\u0142aniu do nas.<\/p>\n<p>Poni\u017cszy link zawiera film, kt\u00f3ry zawiera instrukcj\u0119 &#8211; jak to zrobi\u0107:<br \/>\n<iframe class=\"featurette-image\" src=\"https:\/\/www.youtube.com\/embed\/1Km-XEpWvT0\" width=\"600\" height=\"400\" frameborder=\"0\" allowfullscreen=\"allowfullscreen\"><\/iframe><br \/>\n<a href=\"https:\/\/www.youtube.com\/watch?v=1Km-XEpWvT0\" target=\"newwindow\" rel=\"noopener noreferrer\">https:\/\/www.youtube.com\/watch?v=1Km-XEpWvT0<\/a><\/p>\n<p>Katalogi mo\u017cna spakowa\u0107, umie\u015bci\u0107 na dysku Google i podes\u0142a\u0107 do nas linka (adres <a href=\"mailto:office@skyraster.com\">office@skyraster.com<\/a>)<br \/>\nMo\u017cna te\u017c przes\u0142a\u0107 go drog\u0105 FTP: <a href=\"http:\/\/powergps.pl\/obsluga\/przesylanie-plikow-serwisowych\">http:\/\/powergps.pl\/obsluga\/przesylanie-plikow-serwisowych<\/a> i wys\u0142a\u0107 informacj\u0119 mailow\u0105 o umieszczeniu pliku i szczeg\u00f3\u0142ach problemu.<\/p>\n<h3>Pytania dot. diagnostyki<\/h3>\n<h4>&rArr; Jakie katalogi nale\u017cy spakowa\u0107?<\/h4>\n<p>Do cel\u00f3w diagnostycznych nale\u017cy spakowa\u0107 wybrany katalog projektowy (na kt\u00f3rym by\u0142 realizowany test), czyli <b>\\PowerGPSv2\\Projects\\[nazwa projektu]<\/b> oraz katalog ustawie\u0144 <b>\\PowerGPSv2\\Settings<\/b><\/p>\n<h4>&rArr; Jaki jest czas diagnostyki?<\/h4>\n<p>W trybie bezp\u0142atnym brak jest okre\u015blonego zakresu czasowego, zale\u017cnie od charakterystyki problemu (jego z\u0142o\u017cono\u015bci czy priorytetu wst\u0119pnego) i ob\u0142o\u017cenia zadaniami przeci\u0119tnie mo\u017ce si\u0119 waha\u0107 od dw\u00f3ch tygodni do paru miesi\u0119cy.<br \/>\nW trybie p\u0142atnym &#8211; serwis podejmowany jest po otrzymaniu przedp\u0142aty za zlecenie i jest realizowany z wy\u017cszym priorytetem, ni\u017c realizacja w trybie bezp\u0142atnym. W tym przypadku szansa na rozwi\u0105zanie problemu w przeci\u0105gu paru dni do tygodnia zwi\u0119ksza si\u0119 diametralnie.<\/p>\n<h4>&rArr; Co jest wynikiem diagnostyki?<\/h4>\n<p>Zako\u0144czona analiza ko\u0144czy si\u0119 ustaleniem problemu i je\u015bli jest to konieczne &#8211; przygotowaniem zestawu instrukcji, jak rozwi\u0105za\u0107 problem lub te\u017c wydaniem nowej wersji, kt\u00f3ra problem obchodzi lub rozwi\u0105zuje.<\/p>\n<h2>Pomoc i wsparcie<\/h2>\n<p>Informacj\u0119 &#8211; gdzie s\u0105 samouczki oraz instrukcja, znajdziesz na tej stronie:<br \/>\n<a href=\"http:\/\/powergps.pl\/pomoc\">http:\/\/powergps.pl\/pomoc<\/a><\/p>\n","protected":false},"excerpt":{"rendered":"<p>Je\u015bli obserwujesz problem z po\u0142\u0105czeniem z GPS, inicjalizacj\u0105, odbiornik nie wchodzi w tryb RTK FIXED &#8211; ta strona mo\u017ce pom\u00f3c Ci rozwi\u0105za\u0107 problem lub przygotowa\u0107 zestaw do dalszej diagnostyki. Ka\u017cdy<\/p>\n","protected":false},"author":1,"featured_media":0,"parent":0,"menu_order":0,"comment_status":"closed","ping_status":"closed","template":"","meta":[],"_links":{"self":[{"href":"http:\/\/powergps.pl\/obsluga\/wp-json\/wp\/v2\/pages\/2252"}],"collection":[{"href":"http:\/\/powergps.pl\/obsluga\/wp-json\/wp\/v2\/pages"}],"about":[{"href":"http:\/\/powergps.pl\/obsluga\/wp-json\/wp\/v2\/types\/page"}],"author":[{"embeddable":true,"href":"http:\/\/powergps.pl\/obsluga\/wp-json\/wp\/v2\/users\/1"}],"replies":[{"embeddable":true,"href":"http:\/\/powergps.pl\/obsluga\/wp-json\/wp\/v2\/comments?post=2252"}],"version-history":[{"count":25,"href":"http:\/\/powergps.pl\/obsluga\/wp-json\/wp\/v2\/pages\/2252\/revisions"}],"predecessor-version":[{"id":2278,"href":"http:\/\/powergps.pl\/obsluga\/wp-json\/wp\/v2\/pages\/2252\/revisions\/2278"}],"wp:attachment":[{"href":"http:\/\/powergps.pl\/obsluga\/wp-json\/wp\/v2\/media?parent=2252"}],"curies":[{"name":"wp","href":"https:\/\/api.w.org\/{rel}","templated":true}]}}