{"id":532,"date":"2014-08-06T03:14:52","date_gmt":"2014-08-06T01:14:52","guid":{"rendered":"http:\/\/powergps.pl\/obsluga\/?page_id=532"},"modified":"2014-08-06T03:22:45","modified_gmt":"2014-08-06T01:22:45","slug":"wybor-ukladu-odniesienia-wspolrzednych","status":"publish","type":"page","link":"http:\/\/powergps.pl\/obsluga\/wybor-ukladu-odniesienia-wspolrzednych\/","title":{"rendered":"Wyb\u00f3r uk\u0142adu odniesienia wsp\u00f3\u0142rz\u0119dnych"},"content":{"rendered":"<p>Wyboru uk\u0142adu dokonujemy poprzez odpowiedni\u0105 konfiguracj\u0119 w ustawieniach, b\u0105d\u017a te\u017c wygodniej &#8211; poprzez wybranie wci\u015bni\u0119cie ikony <strong>Uk\u0142ad wsp. <\/strong>(po wcze\u015bniejszym klikni\u0119ciu w ikon\u0119 <strong>Opcji<\/strong>).<\/p>\n<p>Po klikni\u0119ciu nast\u0105pi wy\u015bwietlenie okna dialogowego. Okno to umo\u017cliwia zmian\u0119 uk\u0142adu odniesienia wsp\u00f3\u0142rz\u0119dnych p\u0142askich oraz wysoko\u015bciowych. Zmiana zostaje dokonana dla ustawie\u0144 projekcji oraz ustawie\u0144 domy\u015blnej warstwy.<\/p>\n<div class=\"winver\"><img loading=\"lazy\" class=\"aligncenter size-full verimage\" src=\"http:\/\/powergps.pl\/assets\/img\/ver-win.png\" alt=\"Post\u0119powanie dla wersji Windows PC\" width=\"150\" height=\"30\" \/><br \/>\n<a href=\"http:\/\/powergps.pl\/obsluga\/wp-content\/uploads\/2014\/08\/uklad-cs-win.png\"><img loading=\"lazy\" class=\"aligncenter size-medium wp-image-533\" src=\"http:\/\/powergps.pl\/obsluga\/wp-content\/uploads\/2014\/08\/uklad-cs-win-300x123.png\" alt=\"uklad-cs-win\" width=\"300\" height=\"123\" srcset=\"http:\/\/powergps.pl\/obsluga\/wp-content\/uploads\/2014\/08\/uklad-cs-win-300x123.png 300w, http:\/\/powergps.pl\/obsluga\/wp-content\/uploads\/2014\/08\/uklad-cs-win.png 419w\" sizes=\"(max-width: 300px) 100vw, 300px\" \/><\/a><\/div>\n<div class=\"andver\"><img loading=\"lazy\" class=\"aligncenter size-full verimage\" src=\"http:\/\/powergps.pl\/assets\/img\/ver-and.png\" alt=\"Post\u0119powanie dla wersji Android\" width=\"150\" height=\"30\" \/><br \/>\n<a href=\"http:\/\/powergps.pl\/obsluga\/wp-content\/uploads\/2014\/08\/uklad-cs-and.png\"><img loading=\"lazy\" class=\"aligncenter size-medium wp-image-534\" src=\"http:\/\/powergps.pl\/obsluga\/wp-content\/uploads\/2014\/08\/uklad-cs-and-300x168.png\" alt=\"uklad-cs-and\" width=\"300\" height=\"168\" srcset=\"http:\/\/powergps.pl\/obsluga\/wp-content\/uploads\/2014\/08\/uklad-cs-and-300x168.png 300w, http:\/\/powergps.pl\/obsluga\/wp-content\/uploads\/2014\/08\/uklad-cs-and.png 400w\" sizes=\"(max-width: 300px) 100vw, 300px\" \/><\/a><a href=\"http:\/\/powergps.pl\/obsluga\/wp-content\/uploads\/2014\/08\/uklad-cs-and2.png\"><img loading=\"lazy\" class=\"aligncenter size-medium wp-image-535\" src=\"http:\/\/powergps.pl\/obsluga\/wp-content\/uploads\/2014\/08\/uklad-cs-and2-300x288.png\" alt=\"uklad-cs-and2\" width=\"300\" height=\"288\" srcset=\"http:\/\/powergps.pl\/obsluga\/wp-content\/uploads\/2014\/08\/uklad-cs-and2-300x288.png 300w, http:\/\/powergps.pl\/obsluga\/wp-content\/uploads\/2014\/08\/uklad-cs-and2.png 544w\" sizes=\"(max-width: 300px) 100vw, 300px\" \/><\/a><\/div>\n<p>W przypadku ustawie\u0144 uk\u0142adu odniesienia dla wsp\u00f3\u0142rz\u0119dnych p\u0142askich, do dyspozycji pozostawiono nast\u0119puj\u0105ce uk\u0142ady:<\/p>\n<ul>\n<li>PUWG2000 &#8211; <strong>obowi\u0105zuj\u0105cy uk\u0142ad 2000<\/strong> (z podzia\u0142em na 4 strefy)<\/li>\n<li>PUWG1992 &#8211; <strong>uk\u0142ad 1992<\/strong> (bez podzia\u0142u na strefy)<\/li>\n<li><strong>uk\u0142ad 1965<\/strong> (z podzia\u0142em na 5 stref)<\/li>\n<li><strong>globalny uk\u0142ad WGS84<\/strong> (tylko do przechowywania danych, projekcja dla WGS84 jest zawsze dokonywana w oparciu o odwzorowanie WEB\/MERCATORA)<\/li>\n<li><strong>UTM strefa 34 pas N<\/strong><\/li>\n<li><strong>MERCATOR (Web-Mercator<\/strong> &#8211; projekcja stosowana np. w mapach Google)<\/li>\n<\/ul>\n<p>W przypadku wysoko\u015bciowego uk\u0142adu odniesienia (tzw. modelu geoidy), do wyboru s\u0105 nast\u0119puj\u0105ce opcje:<\/p>\n<ul>\n<li><strong>Kronsztad 86<\/strong> &#8211; obowi\u0105zuj\u0105cy w Polsce uk\u0142ad wsp\u00f3\u0142rz\u0119dnych wysoko\u015bciowych normalnych (b\u0119d\u0105 dokonywane korekty z WGS84 do Kronsztad 86)<\/li>\n<li><strong>Amsterdam<\/strong> &#8211; r\u00f3wnie\u017c spotykany w Polsce uk\u0142ad (b\u0119d\u0105 dokonywane korekty z WGS84 do uk\u0142adu Amsterdam)<\/li>\n<li><strong>WGS84<\/strong> &#8211; bez korekcji (wsp\u00f3\u0142rz\u0119dne wysoko\u015bciowe nie b\u0119d\u0105 przeliczane)<\/li>\n<\/ul>\n","protected":false},"excerpt":{"rendered":"<p>Wyboru uk\u0142adu dokonujemy poprzez odpowiedni\u0105 konfiguracj\u0119 w ustawieniach, b\u0105d\u017a te\u017c wygodniej &#8211; poprzez wybranie wci\u015bni\u0119cie ikony Uk\u0142ad wsp. (po wcze\u015bniejszym klikni\u0119ciu w ikon\u0119 Opcji). Po klikni\u0119ciu nast\u0105pi wy\u015bwietlenie okna dialogowego.<\/p>\n","protected":false},"author":1,"featured_media":0,"parent":0,"menu_order":0,"comment_status":"open","ping_status":"open","template":"","meta":[],"_links":{"self":[{"href":"http:\/\/powergps.pl\/obsluga\/wp-json\/wp\/v2\/pages\/532"}],"collection":[{"href":"http:\/\/powergps.pl\/obsluga\/wp-json\/wp\/v2\/pages"}],"about":[{"href":"http:\/\/powergps.pl\/obsluga\/wp-json\/wp\/v2\/types\/page"}],"author":[{"embeddable":true,"href":"http:\/\/powergps.pl\/obsluga\/wp-json\/wp\/v2\/users\/1"}],"replies":[{"embeddable":true,"href":"http:\/\/powergps.pl\/obsluga\/wp-json\/wp\/v2\/comments?post=532"}],"version-history":[{"count":4,"href":"http:\/\/powergps.pl\/obsluga\/wp-json\/wp\/v2\/pages\/532\/revisions"}],"predecessor-version":[{"id":539,"href":"http:\/\/powergps.pl\/obsluga\/wp-json\/wp\/v2\/pages\/532\/revisions\/539"}],"wp:attachment":[{"href":"http:\/\/powergps.pl\/obsluga\/wp-json\/wp\/v2\/media?parent=532"}],"curies":[{"name":"wp","href":"https:\/\/api.w.org\/{rel}","templated":true}]}}