{"id":856,"date":"2014-08-12T04:00:55","date_gmt":"2014-08-12T02:00:55","guid":{"rendered":"http:\/\/powergps.pl\/obsluga\/?page_id=856"},"modified":"2014-08-12T04:00:55","modified_gmt":"2014-08-12T02:00:55","slug":"odtwarzanie-logow-gps","status":"publish","type":"page","link":"http:\/\/powergps.pl\/obsluga\/odtwarzanie-logow-gps\/","title":{"rendered":"Odtwarzanie log\u00f3w GPS"},"content":{"rendered":"<p>Logi GPS to jak wcze\u015bniej wspomniano, surowe dane, kt\u00f3re obrazuj\u0105 tre\u015b\u0107 otrzymywanego z GPS sygna\u0142u w postaci okre\u015blonego protoko\u0142u. O ile w przypadku zewn\u0119trznych modu\u0142\u00f3w GPS cz\u0119sto wykorzystywany jest <a href=\"http:\/\/pl.wikipedia.org\/wiki\/NMEA_0183\">standard NMEA-0183<\/a>, o tyle w przypadku Androida dane otrzymywane s\u0105 w inny spos\u00f3b i tutaj mamy log w postaci pliku CSV z zapisanymi wsp\u00f3\u0142rz\u0119dnymi.<\/p>\n<p>Zapisane przez PowerGPS (lub te\u017c inn\u0105 aplikacj\u0119) logi GPS w postaci NMEA (lub te\u017c binarne z RTK), mo\u017cna pod\u0142adowa\u0107 jako \u017ar\u00f3d\u0142o sygna\u0142u z pliku &#8211; w\u00f3wczas mo\u017cemy odtworzy\u0107 nawigacj\u0119 lub te\u017c wykona\u0107 powt\u00f3rn\u0105 symulacj\u0119 pomiaru na podstawie zapisanych wcze\u015bniej danych.<\/p>\n<h2>Jak skonfigurowa\u0107 odczyt log\u00f3w GPS<\/h2>\n","protected":false},"excerpt":{"rendered":"<p>Logi GPS to jak wcze\u015bniej wspomniano, surowe dane, kt\u00f3re obrazuj\u0105 tre\u015b\u0107 otrzymywanego z GPS sygna\u0142u w postaci okre\u015blonego protoko\u0142u. O ile w przypadku zewn\u0119trznych modu\u0142\u00f3w GPS cz\u0119sto wykorzystywany jest standard<\/p>\n","protected":false},"author":1,"featured_media":0,"parent":0,"menu_order":0,"comment_status":"open","ping_status":"open","template":"","meta":[],"_links":{"self":[{"href":"http:\/\/powergps.pl\/obsluga\/wp-json\/wp\/v2\/pages\/856"}],"collection":[{"href":"http:\/\/powergps.pl\/obsluga\/wp-json\/wp\/v2\/pages"}],"about":[{"href":"http:\/\/powergps.pl\/obsluga\/wp-json\/wp\/v2\/types\/page"}],"author":[{"embeddable":true,"href":"http:\/\/powergps.pl\/obsluga\/wp-json\/wp\/v2\/users\/1"}],"replies":[{"embeddable":true,"href":"http:\/\/powergps.pl\/obsluga\/wp-json\/wp\/v2\/comments?post=856"}],"version-history":[{"count":1,"href":"http:\/\/powergps.pl\/obsluga\/wp-json\/wp\/v2\/pages\/856\/revisions"}],"predecessor-version":[{"id":857,"href":"http:\/\/powergps.pl\/obsluga\/wp-json\/wp\/v2\/pages\/856\/revisions\/857"}],"wp:attachment":[{"href":"http:\/\/powergps.pl\/obsluga\/wp-json\/wp\/v2\/media?parent=856"}],"curies":[{"name":"wp","href":"https:\/\/api.w.org\/{rel}","templated":true}]}}