{"id":893,"date":"2014-08-14T00:31:26","date_gmt":"2014-08-13T22:31:26","guid":{"rendered":"http:\/\/powergps.pl\/obsluga\/?page_id=893"},"modified":"2020-07-09T22:27:44","modified_gmt":"2020-07-09T20:27:44","slug":"dlaczego-do-wyboru-sa-dwie-ikony-gps","status":"publish","type":"page","link":"http:\/\/powergps.pl\/obsluga\/dlaczego-do-wyboru-sa-dwie-ikony-gps\/","title":{"rendered":"Dlaczego do wyboru s\u0105 dwie ikony GPS?"},"content":{"rendered":"<p><strong>Aplikacja PowerGPS oferuje mo\u017cliwo\u015b\u0107 dost\u0119pu do dw\u00f3ch odbiornik\u00f3w GPS jednocze\u015bnie<\/strong>.<\/p>\n<p>Po co?<\/p>\n<p>Chodzi o wygod\u0119 i potencjalne zastosowania w przysz\u0142o\u015bci:<\/p>\n<p><strong>Po pierwsze:<\/strong><\/p>\n<p>Aplikacja jest projektowana tak, aby ruszy\u0142a zar\u00f3wno na telefonie, jak i tablecie. Tego typu sprz\u0119ty z regu\u0142y posiadaj\u0105 ju\u017c wbudowany modu\u0142 GPS i jest on cz\u0119sto wykorzystywany przez geodet\u00f3w do zgrubnej lokalizacji punkt\u00f3w osnowy. Gdy ju\u017c wiadomo, \u017ce punkt osnowy jest w okolicy kilku metr\u00f3w &#8211; mo\u017cna wyj\u0105\u0107 kontroler i przy pomocy precyzyjnego RTK wytyczy\u0107 punkt.<\/p>\n<p><strong>Poniewa\u017c PowerGPS oferuje funkcje umo\u017cliwiaj\u0105ce w wybranych zastosowaniach zast\u0105pienie kontrolera do RTK<\/strong>, w\u00f3wczas przyda\u0142oby si\u0119 mie\u0107 pod r\u0119k\u0105 zar\u00f3wno dost\u0119p do funkcji lokalizacji przy pomocy wbudowanego, amatorskiego GPS, jak i do precyzyjnego RTK.<\/p>\n<p>St\u0105d te\u017c dwa modu\u0142y, zaleca si\u0119 wykorzystywanie modu\u0142u nr 1 do pomiar\u00f3w RTK , a modu\u0142u nr 2 do lokalizacji\u00a0 &#8211; ze wzgl\u0119du na to, i\u017c domy\u015blnie modu\u0142 pomiar\u00f3w GPS#2 jest wy\u0142\u0105czony. Ale wszystko mo\u017cna skonfigurowa\u0107 w opcjach i ustawi\u0107 wersj\u0119 wygodn\u0105 dla siebie.<\/p>\n<p><strong>Po drugie:<\/strong><\/p>\n<p>Kontrolery zwi\u0105zane z RTK cz\u0119sto potrafi\u0105 obs\u0142ugiwa\u0107 dwa GPS-y naraz &#8211; ale z podzia\u0142em na odbiornik bazowy i mobilny. W planie rozwoju PowerGPS przewidziano wsparcie dla tego typu pomiar\u00f3w, wi\u0119c mo\u017cliwo\u015b\u0107 konfigurowania i korzystania z dw\u00f3ch niezale\u017cnych odbiornik\u00f3w musi by\u0107 przez tego typu aplikacj\u0119 obs\u0142ugiwane<\/p>\n<p><strong>Po trzecie:<\/strong><\/p>\n<p>Je\u015bli wykorzystujesz tylko zwyk\u0142y GPS, ale posiadasz w zanadrzu np. zewn\u0119trzne odbiorniki GPS na Bluetooth, przy pomocy opcji dual-GPS (podw\u00f3jny GPS) mo\u017cesz \u0142atwo por\u00f3wna\u0107 dok\u0142adno\u015b\u0107 i jako\u015b\u0107 odbioru sygna\u0142u odbiornik\u00f3w.<\/p>\n","protected":false},"excerpt":{"rendered":"<p>Aplikacja PowerGPS oferuje mo\u017cliwo\u015b\u0107 dost\u0119pu do dw\u00f3ch odbiornik\u00f3w GPS jednocze\u015bnie. Po co? Chodzi o wygod\u0119 i potencjalne zastosowania w przysz\u0142o\u015bci: Po pierwsze: Aplikacja jest projektowana tak, aby ruszy\u0142a zar\u00f3wno na<\/p>\n","protected":false},"author":1,"featured_media":0,"parent":0,"menu_order":0,"comment_status":"open","ping_status":"open","template":"","meta":[],"_links":{"self":[{"href":"http:\/\/powergps.pl\/obsluga\/wp-json\/wp\/v2\/pages\/893"}],"collection":[{"href":"http:\/\/powergps.pl\/obsluga\/wp-json\/wp\/v2\/pages"}],"about":[{"href":"http:\/\/powergps.pl\/obsluga\/wp-json\/wp\/v2\/types\/page"}],"author":[{"embeddable":true,"href":"http:\/\/powergps.pl\/obsluga\/wp-json\/wp\/v2\/users\/1"}],"replies":[{"embeddable":true,"href":"http:\/\/powergps.pl\/obsluga\/wp-json\/wp\/v2\/comments?post=893"}],"version-history":[{"count":2,"href":"http:\/\/powergps.pl\/obsluga\/wp-json\/wp\/v2\/pages\/893\/revisions"}],"predecessor-version":[{"id":2200,"href":"http:\/\/powergps.pl\/obsluga\/wp-json\/wp\/v2\/pages\/893\/revisions\/2200"}],"wp:attachment":[{"href":"http:\/\/powergps.pl\/obsluga\/wp-json\/wp\/v2\/media?parent=893"}],"curies":[{"name":"wp","href":"https:\/\/api.w.org\/{rel}","templated":true}]}}